ctor of 858?
True
Does 30 divide 3788?
False
Does 62 divide 23214?
False
Is 3099 a multiple of 4?
False
Does 34 divide 1000?
False
Is 56658 a multiple of 266?
True
Is 24 a factor of 168?
True
Is 13 a factor of 10482?
False
Is 60603 a multiple of 11?
False
Is 12 a factor of 3127?
False
Does 31 divide 15577?
False
Is 643 a multiple of 68?
False
Is 907 a multiple of 23?
False
Is 91 a multiple of 11?
False
Is 33 a factor of 91897?
False
Is 650 a multiple of 45?
False
Is 41358 a multiple of 21?
False
Is 6 a factor of 50424?
True
Is 2 a factor of 614?
True
Is 14960 a multiple of 88?
True
Is 67111 a multiple of 26?
False
Is 65 a factor of 51597?
False
Is 9 a factor of 1089?
True
Does 31 divide 19480?
False
Is 19 a factor of 399?
True
Is 45 a factor of 10440?
True
Does 17 divide 4120?
False
Does 6 divide 6319?
False
Is 21 a factor of 1512?
True
Is 35 a factor of 85190?
True
Is 21 a factor of 1050?
True
Is 13226 a multiple of 101?
False
Does 17 divide 7349?
False
Does 10 divide 2504?
False
Is 21 a factor of 1796?
False
Is 35 a factor of 3080?
True
Is 27603 a multiple of 26?
False
Does 17 divide 2930?
False
Does 56 divide 19529?
False
Is 81 a multiple of 3?
True
Is 3795 a multiple of 55?
True
Does 19 divide 35361?
False
Is 22 a factor of 26752?
True
Does 52 divide 5564?
True
Does 165 divide 46860?
True
Is 168 a multiple of 8?
True
Is 13 a factor of 780?
True
Is 8418 a multiple of 11?
False
Is 26 a factor of 55139?
False
Is 44926 a multiple of 14?
True
Is 12 a factor of 7320?
True
Is 7 a factor of 301?
True
Does 36 divide 1141?
False
Is 13 a factor of 525?
False
Is 13 a factor of 1417?
True
Does 6 divide 34584?
True
Does 12 divide 13567?
False
Is 16 a factor of 2880?
True
Is 784 a multiple of 31?
False
Does 2 divide 9576?
True
Is 14808 a multiple of 12?
True
Is 114 a factor of 4104?
True
Does 10 divide 1919?
False
Is 10753 a multiple of 14?
False
Does 27 divide 10103?
False
Is 8 a factor of 4728?
True
Is 186 a factor of 72656?
False
Does 42 divide 756?
True
Is 30550 a multiple of 10?
True
Does 267 divide 25632?
True
Does 28 divide 1204?
True
Is 117 a factor of 2808?
True
Does 71 divide 1065?
True
Is 56189 a multiple of 98?
False
Does 51 divide 8005?
False
Is 28 a factor of 140?
True
Is 1540 a multiple of 7?
True
Does 4 divide 440?
True
Does 28 divide 672?
True
Does 16 divide 10613?
False
Is 479 a multiple of 11?
False
Is 145 even?
False
Is 104 a multiple of 4?
True
Is 1494 a multiple of 15?
False
Does 14 divide 185?
False
Does 8 divide 960?
True
Does 12 divide 14232?
True
Is 44780 a multiple of 172?
False
Is 74 a multiple of 37?
True
Is 37 a factor of 699?
False
Does 20 divide 1400?
True
Is 7045 a multiple of 11?
False
Is 1077 a multiple of 45?
False
Is 15799 a multiple of 61?
True
Does 10 divide 34850?
True
Is 2281 a multiple of 23?
False
Is 9 a factor of 10347?
False
Is 65 a factor of 130?
True
Is 6068 a multiple of 164?
True
Is 273 a multiple of 5?
False
Does 56 divide 1747?
False
Does 15 divide 27?
False
Does 29 divide 116?
True
Does 44 divide 8785?
False
Is 5 a factor of 8695?
True
Is 5809 a multiple of 5?
False
Is 4046 a multiple of 7?
True
Is 58487 a multiple of 41?
False
Does 19 divide 656?
False
Is 52 a factor of 5616?
True
Is 196 a multiple of 4?
True
Is 21 a factor of 6121?
False
Does 18 divide 198360?
True
Does 42 divide 6055?
False
Is 130 a factor of 32890?
True
Does 48 divide 5388?
False
Does 40 divide 6928?
False
Is 220 a multiple of 4?
True
Does 19 divide 361?
True
Is 8211 a multiple of 5?
False
Is 459 a multiple of 9?
True
Does 12 divide 3948?
True
Is 28 a factor of 2856?
True
Is 10220 a multiple of 35?
True
Is 121471 a multiple of 49?
True
Is 4 a factor of 31148?
True
Does 5 divide 525?
True
Is 1622 a multiple of 26?
False
Is 10545 a multiple of 37?
True
Is 2 a factor of 52?
True
Is 62 a factor of 51708?
True
Is 28 a factor of 2240?
True
Does 28 divide 143136?
True
Is 662 a multiple of 32?
False
Is 36 a factor of 24609?
False
Is 19 a factor of 26847?
True
Is 25 a factor of 7875?
True
Does 36 divide 10352?
False
Does 114 divide 3707?
False
Is 24 a factor of 4490?
False
Is 29767 a multiple of 39?
False
Does 62 divide 648?
False
Does 4 divide 353?
False
Is 38 a factor of 33884?
False
Does 7 divide 184?
False
Does 262 divide 9007?
False
Is 867 a multiple of 13?
False
Does 27 divide 519?
False
Does 8 divide 15296?
True
Is 16 a factor of 62844?
False
Does 8 divide 8?
True
Is 17677 a multiple of 42?
False
Is 199 a factor of 43390?
False
Is 41370 a multiple of 43?
False
Is 3650 a multiple of 2?
True
Is 6600 a multiple of 80?
False
Is 313 a multiple of 10?
False
Is 8 a factor of 982?
False
Is 13 a factor of 36127?
True
Is 58 a factor of 1979?
False
Is 57 a factor of 1140?
True
Does 34 divide 816?
True
Is 34 a factor of 1083?
False
Does 104 divide 1456?
True
Does 11 divide 15763?
True
Is 1599 a multiple of 74?
False
Does 19 divide 4085?
True
Is 156 a multiple of 26?
True
Is 857 a multiple of 59?
False
Is 7534 a multiple of 2?
True
Is 28 a factor of 4713?
False
Is 44 a factor of 26861?
False
Does 30 divide 920?
False
Does 6 divide 186?
True
Is 98 a factor of 2557?
False
Is 42 a multiple of 7?
True
Does 78 divide 15366?
True
Is 19 a factor of 42?
False
Is 49 a factor of 2842?
True
Is 32 a factor of 6315?
False
Does 8 divide 23132?
False
Is 16 a factor of 624?
True
Is 510 a multiple of 10?
True
Is 25 a factor of 750?
True
Is 11050 a multiple of 50?
True
Is 5 a factor of 32?
False
Is 4 a factor of 2709?
False
Is 5 a factor of 2368?
False
Is 19624 a multiple of 8?
True
Is 10 a factor of 73?
False
Is 17 a factor of 204?
True
Is 27 a factor of 378?
True
Does 49 divide 2387?
False
Does 20 divide 9060?
True
Is 570 a multiple of 15?
True
Is 108 a factor of 18630?
False
Is 250 a multiple of 14?
False
Is 25606 a multiple of 31?
True
Is 1060 a multiple of 20?
True
Does 8 divide 240?
True
Does 29 divide 1508?
True
Is 3208 a multiple of 14?
False
Is 39765 a multiple of 13?
False
Is 19 a factor of 475?
True
Is 7 a factor of 453?
False
Is 612 a multiple of 34?
True
Is 47619 a multiple of 99?
True
Does 18 divide 16775?
False
Does 20 divide 3238?
False
Is 8901 a multiple of 9?
True
Is 4 a factor of 1442?
False
Is 18 a factor of 6060?
False
Does 42 divide 1302?
True
Is 8 a factor of 5336?
True
Is 8116 a multiple of 18?
False
Is 6 a factor of 169?
False
Is 21 a factor of 564?
False
Is 288 a multiple of 32?
True
Is 162 a factor of 9516?
False
Does 3 divide 360?
True
Does 12 divide 5900?
False
Is 50 a factor of 5350?
True
Is 7 a factor of 37128?
True
Does 23 divide 1998?
False
Is 3 a factor of 307?
False
Does 15 divide 40?
False
Is 6 a factor of 42?
True
Does 16 divide 8988?
False
Does 3 divide 132?
True
Is 12450 a multiple of 30?
True
Is 12 a factor of 5196?
True
Does 12 divide 3684?
True
Does 8 divide 3474?
False
Is 25 a factor of 722?
False
Does 34 divide 534?
False
Is 124 a multiple of 124?
True
Does 15 divide 405?
True
Is 171 a factor of 19836?
True
Is 17 a factor of 2080?
False
Is 154 a factor of 5520?
False
Is 1652 a multiple of 14?
True
Is 8 a factor of 5612?
False
Is 26050 a multiple of 25?
True
Is 1296 a multiple of 16?
True
Does 323 divide 37570?
False
Is 1041 a multiple of 14?
False
Is 133 a factor of 140378?
False
Is 3984 a multiple of 31?
False
Is 114 a factor of 3405?
False
Is 1023 a multiple of 69?
False
Is 19687 a multiple of 16?
False
Does 26 divide 988?
True
Is 105 a factor of 3990?
True
Is 650 a multiple of 25?
True
Does 15 divide 29655?
True
Is 526 a multiple of 59?
False
Is 3509 a multiple of 7?
False
Is 2430 a multiple of 45?
True
Is 1846 a multiple of 13?
True
Does 69 divide 8241?
False
Is 1071 a multiple of 90?
False
Does 21 divide 22638?
True
Is 13 a factor of 165268?
False
Is 4414 a multiple of 67?
False
Does 26 divide 76303?
False
Is 12426 a multiple of 12?
False
Is 39 a multiple of 13?
True
Does 18 divide 2611?
False
Does 28 divide 4312?
True
Is 11587 a multiple of 40?
False
Is 2080 a multiple of 52?
True
Is 27 a factor of 138620?
False
Does 16 divide 156?
False
Does 46 divide 4554?
True
Is 833 a multiple of 2?
False
Is 21777 a multiple of 63?
False
Does 56 divide 1624?
True
Is 779 a multiple of 25?
False
Does 21 divide 1478?
False
Is 137 a factor of 9249?
False
Does 33 divide 759?
True
Does 4 divide 1672?
True
Does 19 divide 1411?
Fal